{"id":53,"date":"2020-02-29T14:42:01","date_gmt":"2020-02-29T13:42:01","guid":{"rendered":"http:\/\/axone-traduction.ch\/?page_id=53"},"modified":"2025-01-10T15:33:48","modified_gmt":"2025-01-10T14:33:48","slug":"devis","status":"publish","type":"page","link":"https:\/\/axone-traduction.ch\/?page_id=53","title":{"rendered":"Devis"},"content":{"rendered":"\n<figure class=\"wp-block-image size-large is-resized\"><a href=\"https:\/\/axone-traduction.ch\/\"><img loading=\"lazy\" decoding=\"async\" width=\"1024\" height=\"71\" src=\"http:\/\/axone-traduction.ch\/wp-content\/uploads\/2020\/10\/cropped-cropped-cropped-Axone3-1-2-1024x71.jpg\" alt=\"\" class=\"wp-image-898\" style=\"width:288px;height:auto\" srcset=\"https:\/\/axone-traduction.ch\/wp-content\/uploads\/2020\/10\/cropped-cropped-cropped-Axone3-1-2-1024x71.jpg 1024w, https:\/\/axone-traduction.ch\/wp-content\/uploads\/2020\/10\/cropped-cropped-cropped-Axone3-1-2-300x21.jpg 300w, https:\/\/axone-traduction.ch\/wp-content\/uploads\/2020\/10\/cropped-cropped-cropped-Axone3-1-2-768x53.jpg 768w, https:\/\/axone-traduction.ch\/wp-content\/uploads\/2020\/10\/cropped-cropped-cropped-Axone3-1-2.jpg 1291w\" sizes=\"auto, (max-width: 1024px) 100vw, 1024px\" \/><\/a><\/figure>\n\n\n\n<div style=\"height:10px\" aria-hidden=\"true\" class=\"wp-block-spacer\"><\/div>\n\n\n\n<p>Nos tarifs varient en fonction du niveau de difficult\u00e9 et de technicit\u00e9 des documents \u00e0 traduire. N\u2019h\u00e9sitez pas \u00e0 nous contacter pour en savoir plus et obtenir un devis.<\/p>\n\n\n\n<p><\/p>\n\n\n\n<h2 class=\"wp-block-heading\"><strong>E-Mail :<\/strong><\/h2>\n\n\n\n<p>tradinfo@axone.ch<\/p>\n\n\n\n<h2 class=\"wp-block-heading\"><strong>T\u00e9l\u00e9phone :<\/strong><\/h2>\n\n\n\n<p>022 312 56 00<\/p>\n\n\n\n<h2 class=\"wp-block-heading\"><strong>Responsable des traductions :<\/strong><\/h2>\n\n\n\n<p>Flore Bourgeois<\/p>\n","protected":false},"excerpt":{"rendered":"<p>Nos tarifs varient en fonction du niveau de difficult\u00e9 et de technicit\u00e9 des documents \u00e0 traduire. N\u2019h\u00e9sitez pas \u00e0 nous contacter pour en savoir plus et obtenir un devis. E-Mail : tradinfo@axone.ch T\u00e9l\u00e9phone : 022 312 56 00 Responsable des traductions : Flore Bourgeois<\/p>\n","protected":false},"author":1,"featured_media":0,"parent":0,"menu_order":0,"comment_status":"closed","ping_status":"closed","template":"templates\/template-full.php","meta":{"footnotes":""},"class_list":["post-53","page","type-page","status-publish","hentry","post"],"_links":{"self":[{"href":"https:\/\/axone-traduction.ch\/index.php?rest_route=\/wp\/v2\/pages\/53","targetHints":{"allow":["GET"]}}],"collection":[{"href":"https:\/\/axone-traduction.ch\/index.php?rest_route=\/wp\/v2\/pages"}],"about":[{"href":"https:\/\/axone-traduction.ch\/index.php?rest_route=\/wp\/v2\/types\/page"}],"author":[{"embeddable":true,"href":"https:\/\/axone-traduction.ch\/index.php?rest_route=\/wp\/v2\/users\/1"}],"replies":[{"embeddable":true,"href":"https:\/\/axone-traduction.ch\/index.php?rest_route=%2Fwp%2Fv2%2Fcomments&post=53"}],"version-history":[{"count":5,"href":"https:\/\/axone-traduction.ch\/index.php?rest_route=\/wp\/v2\/pages\/53\/revisions"}],"predecessor-version":[{"id":1162,"href":"https:\/\/axone-traduction.ch\/index.php?rest_route=\/wp\/v2\/pages\/53\/revisions\/1162"}],"wp:attachment":[{"href":"https:\/\/axone-traduction.ch\/index.php?rest_route=%2Fwp%2Fv2%2Fmedia&parent=53"}],"curies":[{"name":"wp","href":"https:\/\/api.w.org\/{rel}","templated":true}]}}